{"id":1406,"date":"2023-08-10T09:02:51","date_gmt":"2023-08-10T09:02:51","guid":{"rendered":"https:\/\/villas.pletaelsvilars.com\/comercializacion\/"},"modified":"2024-01-11T11:46:38","modified_gmt":"2024-01-11T11:46:38","slug":"commercialisation","status":"publish","type":"page","link":"https:\/\/villas.pletaelsvilars.com\/fr\/commercialisation\/","title":{"rendered":"Commercialisation"},"content":{"rendered":"","protected":false},"excerpt":{"rendered":"","protected":false},"author":1,"featured_media":0,"parent":0,"menu_order":0,"comment_status":"closed","ping_status":"closed","template":"page-templates\/page-marketing.php","meta":{"_acf_changed":false,"footnotes":""},"class_list":["post-1406","page","type-page","status-publish","hentry"],"acf":[],"yoast_head":"<!-- This site is optimized with the Yoast SEO plugin v27.4 - https:\/\/yoast.com\/product\/yoast-seo-wordpress\/ -->\n<title>Pleta els Vilars Andorre - Commercialisation<\/title>\n<meta name=\"description\" content=\"Pleta els Vilars Andorre. Commercialisation. Agences immobili\u00e8res sp\u00e9cialis\u00e9es dans la commercialisation de logements exclusifs dans les meilleurs quartiers.\" \/>\n<meta name=\"robots\" content=\"index, follow, max-snippet:-1, max-image-preview:large, max-video-preview:-1\" \/>\n<link rel=\"canonical\" href=\"https:\/\/villas.pletaelsvilars.com\/fr\/commercialisation\/\" \/>\n<meta property=\"og:locale\" content=\"fr_FR\" \/>\n<meta property=\"og:type\" content=\"article\" \/>\n<meta property=\"og:title\" content=\"Pleta els Vilars Andorre - Commercialisation\" \/>\n<meta property=\"og:description\" content=\"Pleta els Vilars Andorre. Commercialisation. Agences immobili\u00e8res sp\u00e9cialis\u00e9es dans la commercialisation de logements exclusifs dans les meilleurs quartiers.\" \/>\n<meta property=\"og:url\" content=\"https:\/\/villas.pletaelsvilars.com\/fr\/commercialisation\/\" \/>\n<meta property=\"og:site_name\" content=\"Pleta els Vilars - Luxury villas\" \/>\n<meta property=\"article:modified_time\" content=\"2024-01-11T11:46:38+00:00\" \/>\n<meta name=\"twitter:card\" content=\"summary_large_image\" \/>\n<script type=\"application\/ld+json\" class=\"yoast-schema-graph\">{\"@context\":\"https:\\\/\\\/schema.org\",\"@graph\":[{\"@type\":\"WebPage\",\"@id\":\"https:\\\/\\\/villas.pletaelsvilars.com\\\/fr\\\/commercialisation\\\/\",\"url\":\"https:\\\/\\\/villas.pletaelsvilars.com\\\/fr\\\/commercialisation\\\/\",\"name\":\"Pleta els Vilars Andorre - Commercialisation\",\"isPartOf\":{\"@id\":\"https:\\\/\\\/villas.pletaelsvilars.com\\\/fr\\\/#website\"},\"datePublished\":\"2023-08-10T09:02:51+00:00\",\"dateModified\":\"2024-01-11T11:46:38+00:00\",\"description\":\"Pleta els Vilars Andorre. Commercialisation. Agences immobili\u00e8res sp\u00e9cialis\u00e9es dans la commercialisation de logements exclusifs dans les meilleurs quartiers.\",\"breadcrumb\":{\"@id\":\"https:\\\/\\\/villas.pletaelsvilars.com\\\/fr\\\/commercialisation\\\/#breadcrumb\"},\"inLanguage\":\"fr-FR\",\"potentialAction\":[{\"@type\":\"ReadAction\",\"target\":[\"https:\\\/\\\/villas.pletaelsvilars.com\\\/fr\\\/commercialisation\\\/\"]}]},{\"@type\":\"BreadcrumbList\",\"@id\":\"https:\\\/\\\/villas.pletaelsvilars.com\\\/fr\\\/commercialisation\\\/#breadcrumb\",\"itemListElement\":[{\"@type\":\"ListItem\",\"position\":1,\"name\":\"Portada\",\"item\":\"https:\\\/\\\/villas.pletaelsvilars.com\\\/fr\\\/\"},{\"@type\":\"ListItem\",\"position\":2,\"name\":\"Commercialisation\"}]},{\"@type\":\"WebSite\",\"@id\":\"https:\\\/\\\/villas.pletaelsvilars.com\\\/fr\\\/#website\",\"url\":\"https:\\\/\\\/villas.pletaelsvilars.com\\\/fr\\\/\",\"name\":\"Pleta els Vilars - Luxury villas\",\"description\":\"Black Horse - Pleta els Vilars\",\"potentialAction\":[{\"@type\":\"SearchAction\",\"target\":{\"@type\":\"EntryPoint\",\"urlTemplate\":\"https:\\\/\\\/villas.pletaelsvilars.com\\\/fr\\\/?s={search_term_string}\"},\"query-input\":{\"@type\":\"PropertyValueSpecification\",\"valueRequired\":true,\"valueName\":\"search_term_string\"}}],\"inLanguage\":\"fr-FR\"}]}<\/script>\n<!-- \/ Yoast SEO plugin. -->","yoast_head_json":{"title":"Pleta els Vilars Andorre - Commercialisation","description":"Pleta els Vilars Andorre. Commercialisation. Agences immobili\u00e8res sp\u00e9cialis\u00e9es dans la commercialisation de logements exclusifs dans les meilleurs quartiers.","robots":{"index":"index","follow":"follow","max-snippet":"max-snippet:-1","max-image-preview":"max-image-preview:large","max-video-preview":"max-video-preview:-1"},"canonical":"https:\/\/villas.pletaelsvilars.com\/fr\/commercialisation\/","og_locale":"fr_FR","og_type":"article","og_title":"Pleta els Vilars Andorre - Commercialisation","og_description":"Pleta els Vilars Andorre. Commercialisation. Agences immobili\u00e8res sp\u00e9cialis\u00e9es dans la commercialisation de logements exclusifs dans les meilleurs quartiers.","og_url":"https:\/\/villas.pletaelsvilars.com\/fr\/commercialisation\/","og_site_name":"Pleta els Vilars - Luxury villas","article_modified_time":"2024-01-11T11:46:38+00:00","twitter_card":"summary_large_image","schema":{"@context":"https:\/\/schema.org","@graph":[{"@type":"WebPage","@id":"https:\/\/villas.pletaelsvilars.com\/fr\/commercialisation\/","url":"https:\/\/villas.pletaelsvilars.com\/fr\/commercialisation\/","name":"Pleta els Vilars Andorre - Commercialisation","isPartOf":{"@id":"https:\/\/villas.pletaelsvilars.com\/fr\/#website"},"datePublished":"2023-08-10T09:02:51+00:00","dateModified":"2024-01-11T11:46:38+00:00","description":"Pleta els Vilars Andorre. Commercialisation. Agences immobili\u00e8res sp\u00e9cialis\u00e9es dans la commercialisation de logements exclusifs dans les meilleurs quartiers.","breadcrumb":{"@id":"https:\/\/villas.pletaelsvilars.com\/fr\/commercialisation\/#breadcrumb"},"inLanguage":"fr-FR","potentialAction":[{"@type":"ReadAction","target":["https:\/\/villas.pletaelsvilars.com\/fr\/commercialisation\/"]}]},{"@type":"BreadcrumbList","@id":"https:\/\/villas.pletaelsvilars.com\/fr\/commercialisation\/#breadcrumb","itemListElement":[{"@type":"ListItem","position":1,"name":"Portada","item":"https:\/\/villas.pletaelsvilars.com\/fr\/"},{"@type":"ListItem","position":2,"name":"Commercialisation"}]},{"@type":"WebSite","@id":"https:\/\/villas.pletaelsvilars.com\/fr\/#website","url":"https:\/\/villas.pletaelsvilars.com\/fr\/","name":"Pleta els Vilars - Luxury villas","description":"Black Horse - Pleta els Vilars","potentialAction":[{"@type":"SearchAction","target":{"@type":"EntryPoint","urlTemplate":"https:\/\/villas.pletaelsvilars.com\/fr\/?s={search_term_string}"},"query-input":{"@type":"PropertyValueSpecification","valueRequired":true,"valueName":"search_term_string"}}],"inLanguage":"fr-FR"}]}},"_links":{"self":[{"href":"https:\/\/villas.pletaelsvilars.com\/fr\/wp-json\/wp\/v2\/pages\/1406","targetHints":{"allow":["GET"]}}],"collection":[{"href":"https:\/\/villas.pletaelsvilars.com\/fr\/wp-json\/wp\/v2\/pages"}],"about":[{"href":"https:\/\/villas.pletaelsvilars.com\/fr\/wp-json\/wp\/v2\/types\/page"}],"author":[{"embeddable":true,"href":"https:\/\/villas.pletaelsvilars.com\/fr\/wp-json\/wp\/v2\/users\/1"}],"replies":[{"embeddable":true,"href":"https:\/\/villas.pletaelsvilars.com\/fr\/wp-json\/wp\/v2\/comments?post=1406"}],"version-history":[{"count":4,"href":"https:\/\/villas.pletaelsvilars.com\/fr\/wp-json\/wp\/v2\/pages\/1406\/revisions"}],"predecessor-version":[{"id":2237,"href":"https:\/\/villas.pletaelsvilars.com\/fr\/wp-json\/wp\/v2\/pages\/1406\/revisions\/2237"}],"wp:attachment":[{"href":"https:\/\/villas.pletaelsvilars.com\/fr\/wp-json\/wp\/v2\/media?parent=1406"}],"curies":[{"name":"wp","href":"https:\/\/api.w.org\/{rel}","templated":true}]}}

<!-- This site is optimized with the Yoast SEO plugin v27.4 - https://yoast.com/product/yoast-seo-wordpress/ -->
<title>Pleta els Vilars Andorre - Commercialisation</title>
<meta name="description" content="Pleta els Vilars Andorre. Commercialisation. Agences immobilières spécialisées dans la commercialisation de logements exclusifs dans les meilleurs quartiers." />
<meta name="robots" content="index, follow, max-snippet:-1, max-image-preview:large, max-video-preview:-1" />
<link rel="canonical" href="https://villas.pletaelsvilars.com/fr/commercialisation/" />
<meta property="og:locale" content="fr_FR" />
<meta property="og:type" content="article" />
<meta property="og:title" content="Pleta els Vilars Andorre - Commercialisation" />
<meta property="og:description" content="Pleta els Vilars Andorre. Commercialisation. Agences immobilières spécialisées dans la commercialisation de logements exclusifs dans les meilleurs quartiers." />
<meta property="og:url" content="https://villas.pletaelsvilars.com/fr/commercialisation/" />
<meta property="og:site_name" content="Pleta els Vilars - Luxury villas" />
<meta property="article:modified_time" content="2024-01-11T11:46:38+00:00" />
<meta name="twitter:card" content="summary_large_image" />
<script type="application/ld+json" class="yoast-schema-graph">{"@context":"https:\/\/schema.org","@graph":[{"@type":"WebPage","@id":"https:\/\/villas.pletaelsvilars.com\/fr\/commercialisation\/","url":"https:\/\/villas.pletaelsvilars.com\/fr\/commercialisation\/","name":"Pleta els Vilars Andorre - Commercialisation","isPartOf":{"@id":"https:\/\/villas.pletaelsvilars.com\/fr\/#website"},"datePublished":"2023-08-10T09:02:51+00:00","dateModified":"2024-01-11T11:46:38+00:00","description":"Pleta els Vilars Andorre. Commercialisation. Agences immobilières spécialisées dans la commercialisation de logements exclusifs dans les meilleurs quartiers.","breadcrumb":{"@id":"https:\/\/villas.pletaelsvilars.com\/fr\/commercialisation\/#breadcrumb"},"inLanguage":"fr-FR","potentialAction":[{"@type":"ReadAction","target":["https:\/\/villas.pletaelsvilars.com\/fr\/commercialisation\/"]}]},{"@type":"BreadcrumbList","@id":"https:\/\/villas.pletaelsvilars.com\/fr\/commercialisation\/#breadcrumb","itemListElement":[{"@type":"ListItem","position":1,"name":"Portada","item":"https:\/\/villas.pletaelsvilars.com\/fr\/"},{"@type":"ListItem","position":2,"name":"Commercialisation"}]},{"@type":"WebSite","@id":"https:\/\/villas.pletaelsvilars.com\/fr\/#website","url":"https:\/\/villas.pletaelsvilars.com\/fr\/","name":"Pleta els Vilars - Luxury villas","description":"Black Horse - Pleta els Vilars","potentialAction":[{"@type":"SearchAction","target":{"@type":"EntryPoint","urlTemplate":"https:\/\/villas.pletaelsvilars.com\/fr\/?s={search_term_string}"},"query-input":{"@type":"PropertyValueSpecification","valueRequired":true,"valueName":"search_term_string"}}],"inLanguage":"fr-FR"}]}</script>
<!-- / Yoast SEO plugin. -->

Pleta els Vilars Andorre. Commercialisation. Agences immobilières spécialisées dans la commercialisation de logements exclusifs dans les meilleurs quartiers.
